{"id":99,"date":"2024-06-08T11:59:03","date_gmt":"2024-06-08T09:59:03","guid":{"rendered":"https:\/\/www.kancompany.sk\/?page_id=99"},"modified":"2024-06-08T13:00:25","modified_gmt":"2024-06-08T11:00:25","slug":"dokumenty","status":"publish","type":"page","link":"https:\/\/www.kancompany.sk\/?page_id=99","title":{"rendered":"Dokumenty"},"content":{"rendered":"\n<p class=\"has-large-font-size\"><strong>Prepravn\u00e1 zmluva pre fyzick\u00e9 osoby<\/strong><\/p>\n\n\n\n<div class=\"wp-block-file\"><a id=\"wp-block-file--media-a02d1968-5be8-40f1-ad0e-87e3af9f7f10\" href=\"https:\/\/www.kancompany.sk\/wp-content\/uploads\/2024\/06\/Prepravna-zmluva-FO-2.doc\">Prepravna zmluva FO<\/a><a href=\"https:\/\/www.kancompany.sk\/wp-content\/uploads\/2024\/06\/Prepravna-zmluva-FO-2.doc\" class=\"wp-block-file__button wp-element-button\" download aria-describedby=\"wp-block-file--media-a02d1968-5be8-40f1-ad0e-87e3af9f7f10\">Stiahnu\u0165<\/a><\/div>\n\n\n\n<p class=\"has-large-font-size\"><strong>Prepravn\u00e1 zmluva pre pr\u00e1vnick\u00e9 osoby<\/strong><\/p>\n\n\n\n<div class=\"wp-block-file\"><a id=\"wp-block-file--media-e8538dce-820f-4d89-89fe-0c19f9de2055\" href=\"https:\/\/www.kancompany.sk\/wp-content\/uploads\/2024\/06\/Prepravna-zmluva-PO-1.doc\">Prepravna zmluva PO<\/a><a href=\"https:\/\/www.kancompany.sk\/wp-content\/uploads\/2024\/06\/Prepravna-zmluva-PO-1.doc\" class=\"wp-block-file__button wp-element-button\" download aria-describedby=\"wp-block-file--media-e8538dce-820f-4d89-89fe-0c19f9de2055\">Stiahnu\u0165<\/a><\/div>\n\n\n\n<p class=\"has-large-font-size\"><strong>Prepravn\u00fd poriadok K\u00e1n company s.r.o.<\/strong><\/p>\n\n\n\n<div class=\"wp-block-file\"><a id=\"wp-block-file--media-e9261e85-1a47-407c-8337-9fb57a208357\" href=\"https:\/\/www.kancompany.sk\/wp-content\/uploads\/2024\/06\/Prepravny-poriadok-Kan-company-1.doc\">Prepravny poriadok Kan company<\/a><a href=\"https:\/\/www.kancompany.sk\/wp-content\/uploads\/2024\/06\/Prepravny-poriadok-Kan-company-1.doc\" class=\"wp-block-file__button wp-element-button\" download aria-describedby=\"wp-block-file--media-e9261e85-1a47-407c-8337-9fb57a208357\">Stiahnu\u0165<\/a><\/div>\n\n\n\n<p><\/p>\n","protected":false},"excerpt":{"rendered":"<p>Prepravn\u00e1 zmluva pre fyzick\u00e9 osoby Prepravn\u00e1 zmluva pre pr\u00e1vnick\u00e9 osoby Prepravn\u00fd poriadok K\u00e1n company s.r.o.<\/p>\n","protected":false},"author":1,"featured_media":58,"parent":0,"menu_order":0,"comment_status":"closed","ping_status":"closed","template":"","meta":{"_monsterinsights_skip_tracking":false,"_monsterinsights_sitenote_active":false,"_monsterinsights_sitenote_note":"","_monsterinsights_sitenote_category":0,"footnotes":""},"class_list":["post-99","page","type-page","status-publish","has-post-thumbnail","hentry"],"yoast_head":"<!-- This site is optimized with the Yoast SEO plugin v27.1.1 - https:\/\/yoast.com\/product\/yoast-seo-wordpress\/ -->\n<title>Dokumenty - K\u00e1n company, s.r.o.<\/title>\n<meta name=\"robots\" content=\"index, follow, max-snippet:-1, max-image-preview:large, max-video-preview:-1\" \/>\n<link rel=\"canonical\" href=\"https:\/\/www.kancompany.sk\/?page_id=99\" \/>\n<meta property=\"og:locale\" content=\"sk_SK\" \/>\n<meta property=\"og:type\" content=\"article\" \/>\n<meta property=\"og:title\" content=\"Dokumenty - K\u00e1n company, s.r.o.\" \/>\n<meta property=\"og:description\" content=\"Prepravn\u00e1 zmluva pre fyzick\u00e9 osoby Prepravn\u00e1 zmluva pre pr\u00e1vnick\u00e9 osoby Prepravn\u00fd poriadok K\u00e1n company s.r.o.\" \/>\n<meta property=\"og:url\" content=\"https:\/\/www.kancompany.sk\/?page_id=99\" \/>\n<meta property=\"og:site_name\" content=\"K\u00e1n company, s.r.o.\" \/>\n<meta property=\"article:modified_time\" content=\"2024-06-08T11:00:25+00:00\" \/>\n<meta property=\"og:image\" content=\"https:\/\/www.kancompany.sk\/wp-content\/uploads\/2024\/06\/uzitecne_dokumenty1.jpg\" \/>\n\t<meta property=\"og:image:width\" content=\"1140\" \/>\n\t<meta property=\"og:image:height\" content=\"400\" \/>\n\t<meta property=\"og:image:type\" content=\"image\/jpeg\" \/>\n<meta name=\"twitter:card\" content=\"summary_large_image\" \/>\n<meta name=\"twitter:label1\" content=\"Predpokladan\u00fd \u010das \u010d\u00edtania\" \/>\n\t<meta name=\"twitter:data1\" content=\"1 min\u00fata\" \/>\n<script type=\"application\/ld+json\" class=\"yoast-schema-graph\">{\"@context\":\"https:\/\/schema.org\",\"@graph\":[{\"@type\":\"WebPage\",\"@id\":\"https:\/\/www.kancompany.sk\/?page_id=99\",\"url\":\"https:\/\/www.kancompany.sk\/?page_id=99\",\"name\":\"Dokumenty - K\u00e1n company, s.r.o.\",\"isPartOf\":{\"@id\":\"https:\/\/www.kancompany.sk\/#website\"},\"primaryImageOfPage\":{\"@id\":\"https:\/\/www.kancompany.sk\/?page_id=99#primaryimage\"},\"image\":{\"@id\":\"https:\/\/www.kancompany.sk\/?page_id=99#primaryimage\"},\"thumbnailUrl\":\"https:\/\/www.kancompany.sk\/wp-content\/uploads\/2024\/06\/uzitecne_dokumenty1.jpg\",\"datePublished\":\"2024-06-08T09:59:03+00:00\",\"dateModified\":\"2024-06-08T11:00:25+00:00\",\"breadcrumb\":{\"@id\":\"https:\/\/www.kancompany.sk\/?page_id=99#breadcrumb\"},\"inLanguage\":\"sk-SK\",\"potentialAction\":[{\"@type\":\"ReadAction\",\"target\":[\"https:\/\/www.kancompany.sk\/?page_id=99\"]}]},{\"@type\":\"ImageObject\",\"inLanguage\":\"sk-SK\",\"@id\":\"https:\/\/www.kancompany.sk\/?page_id=99#primaryimage\",\"url\":\"https:\/\/www.kancompany.sk\/wp-content\/uploads\/2024\/06\/uzitecne_dokumenty1.jpg\",\"contentUrl\":\"https:\/\/www.kancompany.sk\/wp-content\/uploads\/2024\/06\/uzitecne_dokumenty1.jpg\",\"width\":1140,\"height\":400},{\"@type\":\"BreadcrumbList\",\"@id\":\"https:\/\/www.kancompany.sk\/?page_id=99#breadcrumb\",\"itemListElement\":[{\"@type\":\"ListItem\",\"position\":1,\"name\":\"Home\",\"item\":\"https:\/\/www.kancompany.sk\/\"},{\"@type\":\"ListItem\",\"position\":2,\"name\":\"Dokumenty\"}]},{\"@type\":\"WebSite\",\"@id\":\"https:\/\/www.kancompany.sk\/#website\",\"url\":\"https:\/\/www.kancompany.sk\/\",\"name\":\"K\u00e1n company, s.r.o.\",\"description\":\"Rodinn\u00e1 firma est. 2023\",\"potentialAction\":[{\"@type\":\"SearchAction\",\"target\":{\"@type\":\"EntryPoint\",\"urlTemplate\":\"https:\/\/www.kancompany.sk\/?s={search_term_string}\"},\"query-input\":{\"@type\":\"PropertyValueSpecification\",\"valueRequired\":true,\"valueName\":\"search_term_string\"}}],\"inLanguage\":\"sk-SK\"}]}<\/script>\n<!-- \/ Yoast SEO plugin. -->","yoast_head_json":{"title":"Dokumenty - K\u00e1n company, s.r.o.","robots":{"index":"index","follow":"follow","max-snippet":"max-snippet:-1","max-image-preview":"max-image-preview:large","max-video-preview":"max-video-preview:-1"},"canonical":"https:\/\/www.kancompany.sk\/?page_id=99","og_locale":"sk_SK","og_type":"article","og_title":"Dokumenty - K\u00e1n company, s.r.o.","og_description":"Prepravn\u00e1 zmluva pre fyzick\u00e9 osoby Prepravn\u00e1 zmluva pre pr\u00e1vnick\u00e9 osoby Prepravn\u00fd poriadok K\u00e1n company s.r.o.","og_url":"https:\/\/www.kancompany.sk\/?page_id=99","og_site_name":"K\u00e1n company, s.r.o.","article_modified_time":"2024-06-08T11:00:25+00:00","og_image":[{"width":1140,"height":400,"url":"https:\/\/www.kancompany.sk\/wp-content\/uploads\/2024\/06\/uzitecne_dokumenty1.jpg","type":"image\/jpeg"}],"twitter_card":"summary_large_image","twitter_misc":{"Predpokladan\u00fd \u010das \u010d\u00edtania":"1 min\u00fata"},"schema":{"@context":"https:\/\/schema.org","@graph":[{"@type":"WebPage","@id":"https:\/\/www.kancompany.sk\/?page_id=99","url":"https:\/\/www.kancompany.sk\/?page_id=99","name":"Dokumenty - K\u00e1n company, s.r.o.","isPartOf":{"@id":"https:\/\/www.kancompany.sk\/#website"},"primaryImageOfPage":{"@id":"https:\/\/www.kancompany.sk\/?page_id=99#primaryimage"},"image":{"@id":"https:\/\/www.kancompany.sk\/?page_id=99#primaryimage"},"thumbnailUrl":"https:\/\/www.kancompany.sk\/wp-content\/uploads\/2024\/06\/uzitecne_dokumenty1.jpg","datePublished":"2024-06-08T09:59:03+00:00","dateModified":"2024-06-08T11:00:25+00:00","breadcrumb":{"@id":"https:\/\/www.kancompany.sk\/?page_id=99#breadcrumb"},"inLanguage":"sk-SK","potentialAction":[{"@type":"ReadAction","target":["https:\/\/www.kancompany.sk\/?page_id=99"]}]},{"@type":"ImageObject","inLanguage":"sk-SK","@id":"https:\/\/www.kancompany.sk\/?page_id=99#primaryimage","url":"https:\/\/www.kancompany.sk\/wp-content\/uploads\/2024\/06\/uzitecne_dokumenty1.jpg","contentUrl":"https:\/\/www.kancompany.sk\/wp-content\/uploads\/2024\/06\/uzitecne_dokumenty1.jpg","width":1140,"height":400},{"@type":"BreadcrumbList","@id":"https:\/\/www.kancompany.sk\/?page_id=99#breadcrumb","itemListElement":[{"@type":"ListItem","position":1,"name":"Home","item":"https:\/\/www.kancompany.sk\/"},{"@type":"ListItem","position":2,"name":"Dokumenty"}]},{"@type":"WebSite","@id":"https:\/\/www.kancompany.sk\/#website","url":"https:\/\/www.kancompany.sk\/","name":"K\u00e1n company, s.r.o.","description":"Rodinn\u00e1 firma est. 2023","potentialAction":[{"@type":"SearchAction","target":{"@type":"EntryPoint","urlTemplate":"https:\/\/www.kancompany.sk\/?s={search_term_string}"},"query-input":{"@type":"PropertyValueSpecification","valueRequired":true,"valueName":"search_term_string"}}],"inLanguage":"sk-SK"}]}},"_links":{"self":[{"href":"https:\/\/www.kancompany.sk\/index.php?rest_route=\/wp\/v2\/pages\/99","targetHints":{"allow":["GET"]}}],"collection":[{"href":"https:\/\/www.kancompany.sk\/index.php?rest_route=\/wp\/v2\/pages"}],"about":[{"href":"https:\/\/www.kancompany.sk\/index.php?rest_route=\/wp\/v2\/types\/page"}],"author":[{"embeddable":true,"href":"https:\/\/www.kancompany.sk\/index.php?rest_route=\/wp\/v2\/users\/1"}],"replies":[{"embeddable":true,"href":"https:\/\/www.kancompany.sk\/index.php?rest_route=%2Fwp%2Fv2%2Fcomments&post=99"}],"version-history":[{"count":2,"href":"https:\/\/www.kancompany.sk\/index.php?rest_route=\/wp\/v2\/pages\/99\/revisions"}],"predecessor-version":[{"id":121,"href":"https:\/\/www.kancompany.sk\/index.php?rest_route=\/wp\/v2\/pages\/99\/revisions\/121"}],"wp:featuredmedia":[{"embeddable":true,"href":"https:\/\/www.kancompany.sk\/index.php?rest_route=\/wp\/v2\/media\/58"}],"wp:attachment":[{"href":"https:\/\/www.kancompany.sk\/index.php?rest_route=%2Fwp%2Fv2%2Fmedia&parent=99"}],"curies":[{"name":"wp","href":"https:\/\/api.w.org\/{rel}","templated":true}]}}